)/91)*6?
9
Let n(s) = 2596*s**2 - 9*s + 25. What is the ten thousands digit of n(2)?
1
Let m be 2 - 2/(-8)*(-8)/(-2). Suppose -25*j + 20*j - 4*b = -631, 5*j - m*b - 603 = 0. What is the tens digit of j?
2
Let o = -90 - -55. Suppose 5 = n, -5*z + 4*n = -0*n + 530. Let b = o - z. What is the units digit of b?
7
Suppose -782 = 2*x - 3*g, -342 = -2*x - 2*g - 1144. Let j = x - -739. What is the tens digit of j?
4
Let k(x) = x**3 - 60*x**2 + 138*x - 76. What is the units digit of k(58)?
0
Let l = 11740 + -4548. What is the thousands digit of l?
7
Let z be 9/((-27)/12) - -9. Suppose -5*f + 14*f - 1107 = 0. Suppose z*v = 4*v + f. What is the hundreds digit of v?
1
Let y = -114 - -126. What is the tens digit of y/7*3094/52?
0
Let j(x) = 0 + 2 + 13 - 82*x. What is the hundreds digit of j(-3)?
2
Let v = 56 - 5. Let y be (2 - -2 - 9)*5. What is the tens digit of ((-54)/15)/(v/y + 2)?
9
Suppose 5*j - 2*j = -5*y + 840, 2*j - 340 = -2*y. Suppose -2*h + 48 = a, -h = -5*a + 4*h + y. What is the units digit of a?
8
Let a(r) = -r**3 - r**2 + 3*r + 469. Suppose 0 = -4*h + 3*h + 13*h. What is the tens digit of a(h)?
6
Let g(m) = -m**3 - 14*m**2 - 16*m - 23. Let a be g(-13). Suppose -14 = -4*z - 3*j, 2*z - 4*j + j = a. Suppose -z*p + 860 = -0*p. What is the tens digit of p?
7
Let q(v) = 3*v + 19. Let a be q(-5). Suppose 3*w + 2 = a*w, -5*w = 5*r - 290. Suppose -10 - r = -3*x. What is the tens digit of x?
2
Suppose -77115 = -4*d - 28347. What is the ten thousands digit of d?
1
Suppose 20*p - 807504 + 30714 = -22*p. What is the hundreds digit of p?
4
Let h(t) = -8*t**2 + 0*t + 4 - t + 15*t**2. Let w be h(4). Suppose w = 4*c - 532. What is the tens digit of c?
6
Let h be ((-30)/(-3))/((-4)/(1 - 3)). Suppose 6 = 2*z, -2*w - 9 = -h*z - 0*z. Suppose 6*k = -w*y + 5*k + 311, -k = 5*y - 515. What is the hundreds digit of y?
1
Let g(z) be the second derivative of -z**4/12 + 3*z**3/2 + 12*z**2 - z. Let q be g(11). Suppose q*m = 93 - 13. What is the tens digit of m?
4
Suppose 16*w + 82 = -46. Let z(q) = -q**3 - 8*q**2 - 7*q - 17. What is the tens digit of z(w)?
3
Let y be (-3 - -860)*(9 - 11). Let k = y + 2667. What is the units digit of k?
3
Suppose 122*k - 1805127 = 4285235. What is the thousands digit of k?
9
Let y(p) = 24*p**2 - 12*p - 1. Let o = -34 + 42. What is the units digit of y(o)?
9
Suppose -5*q + k = -q + 3, 0 = 2*q - 5*k + 15. Suppose q = -2*z + 6*z - 744. What is the tens digit of z?
8
Suppose -6*y + y + 5*p - 5 = 0, 0 = -5*p + 15. What is the tens digit of ((y - -9) + 0)*86?
4
Let n(h) = -2917*h - 1823. What is the units digit of n(-5)?
2
Let b(h) = h**3 + 118*h**2 + 61*h - 1717. What is the units digit of b(-115)?
3
Suppose 0 = z + 3 - 6. Suppose 3*q - 3 = 9, -r + z*q = 8. Suppose -y = -3*c - 52, -40 + 204 = r*y - c. What is the tens digit of y?
4
Suppose 0 = 4*v + y + 31, -2*y - 33 = 2*v - 5*y. Let w be 5130/8 + v/(35 + 1). Suppose -5*u + 865 = 4*c, -3*u - w = -3*c + u. What is the tens digit of c?
1
Let h = -78 - -90. Suppose 4*o - 6*o = -2*m + 16, -2*m + o + h = 0. Suppose 107 = -m*w + 307. What is the units digit of w?
0
Suppose -159*x - 65*x = -47*x - 5481159. What is the hundreds digit of x?
9
Suppose -2*z = -2*n - 32, 3*z + 45 = 8*z + 2*n. Let u(f) = 16*f + 49. Let a(x) = -7*x - 24. Let w(k) = -7*a(k) - 3*u(k). What is the units digit of w(z)?
2
Let o(c) = 3*c**2 + 31*c - 776. What is the ten thousands digit of o(-74)?
1
Suppose 4 - 4 = -4*n. Let y be (n/4 + 0)/2. Suppose -2*s + 34 - 30 = y. What is the units digit of s?
2
Let h = 7938 + -7088. What is the hundreds digit of h?
8
Let g(o) = o**2 - 2*o - 1. Let w(m) = -m**3 + 23*m**2 + 10*m - 16. Let u(f) = -6*g(f) + w(f). What is the tens digit of u(8)?
4
Suppose -n = -15*n + 28. What is the units digit of -8*((-1672)/64)/(1/n)?
8
Suppose 33351 + 49116 = 5*h - 3*l, 4*h + 4*l = 65980. What is the thousands digit of h?
6
Suppose -3*q + 18 = 3*z + 3, -3*q + 15 = 2*z. Suppose q*s = 48 + 2. Let n(h) = -h**2 + 22*h - 3. What is the tens digit of n(s)?
1
Suppose b = -s - 2 + 3, 0 = -2*s - 4*b. Suppose -5*c = -3*g + 948, -g - s*g = -c - 960. What is the tens digit of g?
2
Suppose -7*f + 4*f + 4965 = 0. Suppose -f*x = -1660*x + 3255. What is the units digit of x?
1
Let l = 14939 + -7570. What is the thousands digit of l?
7
Let y(d) = -d + 21. Let w be y(16). Suppose 5*j = -2*i + 527, 6*j - 531 = -2*i + w*j. What is the tens digit of i?
6
Let i = 321 - 597. Let t = 434 + i. What is the tens digit of t?
5
Let k = -9176 - -42782. What is the ten thousands digit of k?
3
What is the hundreds digit of 137964/20*10/6*1?
4
Let g(o) = -16*o**3 + 2*o**2 + 3*o - 1. Let a = 18 + -20. Let p be g(a). Let d = p + -47. What is the units digit of d?
2
Suppose 0 = 2*f + 4*i - 3*i + 104, -3*f = 4*i + 156. Let r = f - -57. Suppose -r*w - 70 + 330 = 0. What is the tens digit of w?
5
Let n be (-1 - (-3 + (-25 - 4))) + 0. Suppose 0 = -n*u + 30*u + 655. Let f = u + -457. What is the tens digit of f?
9
Suppose -m - 187 = -2*f, -2*f + 292 - 101 = 3*m. Let w = 203 + f. What is the hundreds digit of w?
2
What is the ten thousands digit of 1609968/102 + (-16 - -1)?
1
Let c = -167 + 32. What is the tens digit of 15/(c/(-798))*(-3)/(-1)?
6
What is the thousands digit of 7*(470475/5)/9?
3
Let w be -14*(-20)/(-8)*-1. Let s = w + -43. Let v = s - -21. What is the units digit of v?
3
Let q(y) = y**2 - 43*y + 157. What is the units digit of q(-13)?
5
Let r be (-11)/(-2) - 21/14. Suppose -f - 24 = -r*u, 3*u = 5*f + 4*u + 99. What is the tens digit of f/10 - (-118 + -2)?
1
Let c be 6/4 - (-3603)/6 - 2. Suppose -3*w = -822 - 246. Suppose 5*y + 3*d + 2*d = c, w = 3*y + d. What is the hundreds digit of y?
1
What is the tens digit of 17474 - (1155/(-55) + 20/2)?
8
What is the units digit of (5235 - 5) + (-9)/18*-10?
5
Suppose -10 + 1 = 3*v. Let k be (63/(-6) + 3)/(v/(-78)). What is the tens digit of ((-6)/15)/(24/k)*16?
5
Let p(w) = 2*w**2 - 21*w + 23. Let t be ((2/4)/1)/(7/42). Suppose t*k = 54 - 15. What is the tens digit of p(k)?
8
Let d be (-105)/49 + 2/14. Let r be (0 - 15/6)*d. Suppose -110 = -r*c - a + 103, 5*c = 2*a + 219. What is the units digit of c?
3
Let r(p) = -4*p - 1. Let j be r(6). Suppose 4*o - 131 - 37 = 0. Let z = j + o. What is the units digit of z?
7
Let o(i) = i**2 - 26*i + 3. Let k be o(26). Suppose -9*d = k*d - 3900. What is the tens digit of d?
2
Suppose -23*y + 39527 = -11*y + 9503. What is the thousands digit of y?
2
Let c(y) = 27*y**2 - 30*y + 1. Let z be c(1). What is the tens digit of z/10 + (-2227)/(-85)?
2
Let l(t) be the second derivative of -13*t**3/6 - 132*t**2 - 85*t. What is the units digit of l(-55)?
1
Let o = -37 + 42. Let h = -85 - -85. Suppose 5*m - 369 = -2*f, h = o*f - 4*m + 421 - 1294. What is the units digit of f?
7
What is the hundreds digit of 2009697/451 + -43 + (-1)/11?
4
Let o = 384 - -253. What is the units digit of o?
7
Let x(c) = 2*c + 8. Let w be x(8). Suppose t + 3*t = w. Suppose 7*y + t - 419 = 0. What is the tens digit of y?
5
Let b be 10/((-40)/12) + -1867. Let s = -417 - b. What is the tens digit of s?
5
Let x be 1 + -6 + (-4356)/(-11) + 3. Let d = x + -236. What is the units digit of d?
8
Suppose 1365 = u - 4649. What is the hundreds digit of u?
0
Suppose -5*k + 51555 = 5*i, 41*k - 4*i = 43*k - 20614. What is the thousands digit of k?
0
Let h(g) = -9*g + 4. Let b(m) = m**2 - 19*m + 7. Let w(r) = -3*b(r) + 5*h(r). Let a be w(7). What is the tens digit of (-4)/(a/964) - 4/16?
6
Suppose z - 17040 = -4*v, z = -9*v + 14*v + 17067. What is the hundreds digit of z?
0
Suppose 2*k + 2*m = 1154, -k + 11*m - 16*m = -577. What is the hundreds digit of k?
5
Suppose 0 = -3*a + 3*i + 32703, -4*i = a - 6992 - 3894. What is the thousands digit of a?
0
Let n = 429 + -427. Suppose 1239 = 3*m + 5*h, 0 = 3*m - 7*h + n*h - 1239. What is the units digit of m?
3
Suppose i = 268 + 92. Suppose -o - 3*d = -4*o + i, d = 3*o - 364. Suppose 0 = -2*p + 4*u + o, -2*u + 61 = p + 3*u. What is the tens digit of p?
6
Suppose -18*k = -107230 - 57254. What is the tens digit of k?
3
Let n = 21 - 19. Suppose n*c + 3 = -1. What is the tens digit of c + (-2 - 2 - -34)?
2
Let h(t) = t**2 + 3*t. Let m be 36/(-1) - (7 + -4). Let b be (-26)/m + 38/6. What is the units digit of h(b)?
0
Let y(v) = 8*v + 17. Let i be y(-3). Let z be 2/i*(